{"id":73,"date":"2012-04-30T13:39:12","date_gmt":"2012-04-30T11:39:12","guid":{"rendered":"http:\/\/localhost\/stand-by\/wp\/?page_id=73"},"modified":"2019-12-07T18:14:57","modified_gmt":"2019-12-07T18:14:57","slug":"cours-2","status":"publish","type":"page","link":"http:\/\/stand-by.ch\/?page_id=73","title":{"rendered":"Formation"},"content":{"rendered":"<p><span style=\"font-size: large;\">Comment mieux travailler\u00a0en \u00e9quipe<\/span><br \/>\nComprendre les \u00e9l\u00e9ments essentiels de  la personnalit\u00e9 de chacun pour mieux r\u00e9ussir nos relations  interpersonnelles. Des ateliers en groupe accompagn\u00e9s par un profil de  personnalit\u00e9 et un contenu solide.<br \/>\nAnimateur : Paul Marsh<br \/>\n<span style=\"font-size: large;\">Animer un groupe de travail.<\/span><br \/>\nNous sommes nombreux \u00e0 se trouver dans le r\u00f4le d&#8217;un animateur de  groupe. Le travail de facilitateur n\u00e9cessite un certain savoir-faire, et  l&#8217;application de quelques notions de base.<br \/>\nAnimateur : Paul Marsh<br \/>\n<span style=\"font-size: large;\">R\u00e9fl\u00e9chir ensemble :\u00a0trouver des solutions<\/span><br \/>\nAu travers de m\u00e9thodes efficaces\u00a0de partage, d&#8217;\u00e9valuation, et de  travail de groupe, voici une journ\u00e9e destin\u00e9e \u00e0 faire r\u00e9fl\u00e9chir  l&#8217;\u00e9quipe. Les participants sont alors actifs dans le\u00a0processus de  recherche de solutions cr\u00e9atives et r\u00e9alistes.<br \/>\nAnimateur : Paul Marsh<br \/>\n<span style=\"font-size: large;\">La relation est un art<\/span><br \/>\nVingt aspects relationnels en un jour!<br \/>\nDisposer d&#8217;excellentes qualit\u00e9s relationnelles est un \u00e9l\u00e9ment cl\u00e9 dans de nombreux domaines, et conna\u00eetre les principes importants change la vie. Une pr\u00e9sentation dynamique et active Vingt aspects diff\u00e9rents des relations en un jour, abord\u00e9s avec exemples et exercices pour acc\u00e9l\u00e9rer la compr\u00e9hension. Hommes, femmes, tous ensemble! Il est vrai que les hommes et les femmes abordent la question des relations avec des points de vue bien diff\u00e9rents. En plus d&#8217;am\u00e9liorer les comp\u00e9tences relationnelles en g\u00e9n\u00e9ral, une fen\u00eatre est ouverte sur les relations de couple.<br \/>\nAnimateur : Paul Marsh<br \/>\n<span style=\"font-size: large;\">D\u00e9couvrez votre personnalit\u00e9 en couple<\/span><br \/>\nNotre relation en couple est  influenc\u00e9e d&#8217;une mani\u00e8re importante par notre personnalit\u00e9. Nous  \u00e9pousons quelqu&#8217;un\u00a0diff\u00e9rent de nous! Une meilleure compr\u00e9hension de ses  diff\u00e9rences contribue \u00e0 une vie de couple et de famille beaucoup plus  riche.<br \/>\nAnimateur : Paul Marsh<\/p>\n","protected":false},"excerpt":{"rendered":"<p>Comment mieux travailler\u00a0en \u00e9quipe Comprendre les \u00e9l\u00e9ments essentiels de la personnalit\u00e9 de chacun pour mieux r\u00e9ussir nos relations interpersonnelles. Des ateliers en groupe accompagn\u00e9s par un profil de personnalit\u00e9 et un contenu solide. Animateur : Paul Marsh Animer un groupe &hellip; <a href=\"http:\/\/stand-by.ch\/?page_id=73\">Continue reading <span class=\"meta-nav\">&rarr;<\/span><\/a><\/p>\n","protected":false},"author":2,"featured_media":0,"parent":0,"menu_order":20,"comment_status":"closed","ping_status":"closed","template":"onecolumn-page.php","meta":[],"_links":{"self":[{"href":"http:\/\/stand-by.ch\/index.php?rest_route=\/wp\/v2\/pages\/73"}],"collection":[{"href":"http:\/\/stand-by.ch\/index.php?rest_route=\/wp\/v2\/pages"}],"about":[{"href":"http:\/\/stand-by.ch\/index.php?rest_route=\/wp\/v2\/types\/page"}],"author":[{"embeddable":true,"href":"http:\/\/stand-by.ch\/index.php?rest_route=\/wp\/v2\/users\/2"}],"replies":[{"embeddable":true,"href":"http:\/\/stand-by.ch\/index.php?rest_route=%2Fwp%2Fv2%2Fcomments&post=73"}],"version-history":[{"count":1,"href":"http:\/\/stand-by.ch\/index.php?rest_route=\/wp\/v2\/pages\/73\/revisions"}],"predecessor-version":[{"id":519,"href":"http:\/\/stand-by.ch\/index.php?rest_route=\/wp\/v2\/pages\/73\/revisions\/519"}],"wp:attachment":[{"href":"http:\/\/stand-by.ch\/index.php?rest_route=%2Fwp%2Fv2%2Fmedia&parent=73"}],"curies":[{"name":"wp","href":"https:\/\/api.w.org\/{rel}","templated":true}]}}