{"id":89,"date":"2012-04-30T14:50:38","date_gmt":"2012-04-30T12:50:38","guid":{"rendered":"http:\/\/localhost\/stand-by\/wp\/?page_id=89"},"modified":"2019-12-07T18:14:56","modified_gmt":"2019-12-07T18:14:56","slug":"coaching-pour-couples","status":"publish","type":"page","link":"http:\/\/stand-by.ch\/?page_id=89","title":{"rendered":"Coaching pour couples"},"content":{"rendered":"<h1><span style=\"color: #0000ff;\">Coaching pour couples<\/span><\/h1>\n<p>Nous entendons souvent des situations  de couples destabilis\u00e9s\u00a0par\u00a0des changements personnels, professionnels  ou familiaux.<br \/>\nUne grande  partie des personnes mari\u00e9es peuvent voir la qualit\u00e9 de leur relation  s&#8217;am\u00e9liorer avec quelques sessions de coaching.<br \/>\nIl ne s&#8217;agit  pas\u00a0d&#8217;un traitement des probl\u00e8mes profonds, mais de la mani\u00e8re de  renouveler notre engagement et de red\u00e9couvrir le plaisir d&#8217;\u00eatre ensemble<\/p>\n","protected":false},"excerpt":{"rendered":"<p>Coaching pour couples Nous entendons souvent des situations de couples destabilis\u00e9s\u00a0par\u00a0des changements personnels, professionnels ou familiaux. Une grande partie des personnes mari\u00e9es peuvent voir la qualit\u00e9 de leur relation s&#8217;am\u00e9liorer avec quelques sessions de coaching. Il ne s&#8217;agit pas\u00a0d&#8217;un traitement &hellip; <a href=\"http:\/\/stand-by.ch\/?page_id=89\">Continue reading <span class=\"meta-nav\">&rarr;<\/span><\/a><\/p>\n","protected":false},"author":2,"featured_media":0,"parent":68,"menu_order":11,"comment_status":"closed","ping_status":"closed","template":"onecolumn-page.php","meta":[],"_links":{"self":[{"href":"http:\/\/stand-by.ch\/index.php?rest_route=\/wp\/v2\/pages\/89"}],"collection":[{"href":"http:\/\/stand-by.ch\/index.php?rest_route=\/wp\/v2\/pages"}],"about":[{"href":"http:\/\/stand-by.ch\/index.php?rest_route=\/wp\/v2\/types\/page"}],"author":[{"embeddable":true,"href":"http:\/\/stand-by.ch\/index.php?rest_route=\/wp\/v2\/users\/2"}],"replies":[{"embeddable":true,"href":"http:\/\/stand-by.ch\/index.php?rest_route=%2Fwp%2Fv2%2Fcomments&post=89"}],"version-history":[{"count":1,"href":"http:\/\/stand-by.ch\/index.php?rest_route=\/wp\/v2\/pages\/89\/revisions"}],"predecessor-version":[{"id":515,"href":"http:\/\/stand-by.ch\/index.php?rest_route=\/wp\/v2\/pages\/89\/revisions\/515"}],"up":[{"embeddable":true,"href":"http:\/\/stand-by.ch\/index.php?rest_route=\/wp\/v2\/pages\/68"}],"wp:attachment":[{"href":"http:\/\/stand-by.ch\/index.php?rest_route=%2Fwp%2Fv2%2Fmedia&parent=89"}],"curies":[{"name":"wp","href":"https:\/\/api.w.org\/{rel}","templated":true}]}}